x - 9. Determine d(21).
-3537
Let j(h) = -19*h**2 + 5850*h - 11092. Determine j(306).
-76
Let c(w) = -23*w**2 + 22*w + 363. Give c(-8).
-1285
Let j(t) = -2*t**3 - 47*t**2 - 1623*t - 36801. Give j(-23).
-1
Let v(t) = t**3 - 68*t**2 - 48*t - 1519. What is v(69)?
-70
Let i(t) = 2*t**2 + 18718*t + 2217355. Calculate i(-120).
-5
Let b(z) = 75*z**2 - 1112*z + 1789. Determine b(13).
8
Let n(m) = -m**3 + 49*m**2 - 318*m + 13038. Calculate n(48).
78
Let t(l) = 45*l**2 - 596*l + 1407. Calculate t(10).
-53
Let w(c) = 85*c**2 - 1225*c + 2444. Give w(2).
334
Let x(g) = 58408*g - 992939. Give x(17).
-3
Let m(j) = 34*j**2 + 13174*j - 6975. What is m(-388)?
9
Let g(v) = 2*v**3 - 5*v**2 - 193*v - 200. Calculate g(-11).
-1344
Let x(q) = 191*q**3 + 379*q**2 - 14*q - 3. What is x(-2)?
13
Let z(i) = -11*i**2 - 953*i + 35875. Calculate z(-115).
-5
Let i(n) = -2*n**3 - 186*n**2 + 77457*n + 7203492. Calculate i(-93).
-9
Let i(n) = -148*n + 3070. Give i(26).
-778
Let o(l) = -3*l**3 + 154*l**2 + 717*l + 764. What is o(-3)?
80
Let s(x) = 2010*x + 1. Calculate s(0).
1
Let z(o) = 29*o**2 + 206*o + 328. Calculate z(-2).
32
Let o(z) = -33*z**2 + 573*z - 2413. Calculate o(7).
-19
Let f(w) = w**3 + 1027*w**2 + 46064*w + 222. Calculate f(-47).
34
Let x(f) = -3960*f + 1005855. Give x(254).
15
Let r(h) = -6*h**3 - 124*h**2 - 633*h + 54. Calculate r(-9).
81
Let n(f) = -19294*f + 1852216. Calculate n(96).
-8
Let i(d) = 12990*d - 2974752. Determine i(229).
-42
Let p(m) = -3*m**2 + 369*m + 223000. Calculate p(341).
-14
Let n(u) = -562403*u + 3936827. Calculate n(7).
6
Let y(s) = -351*s**2 + 1897*s + 1898. What is y(-1)?
-350
Let n(j) = -3*j**2 - 317*j + 655. What is n(2)?
9
Let k(w) = w**3 + 13*w**2 + 4879*w + 48510. Determine k(-10).
20
Let a(h) = 525*h**3 + 18377*h**2 + 64*h - 243. Calculate a(-35).
-33
Let y(c) = -37099*c + 1483927. What is y(40)?
-33
Let a(k) = -609157*k + 1218227. Determine a(2).
-87
Let a(m) = 9439*m - 66079. Give a(7).
-6
Let t(a) = 119*a + 13542. What is t(-111)?
333
Let r(g) = -7847*g - 212028. Calculate r(-27).
-159
Let u(a) = -4244*a + 589887. What is u(139)?
-29
Let i(u) = -5*u**2 - 251*u - 1214. Determine i(-5).
-84
Let x(q) = 1013*q + 43495. Calculate x(-43).
-64
Let g(r) = 5*r**3 - 22*r**2 - 371*r + 1774. What is g(5)?
-6
Let b(c) = -3*c**3 - 96*c**2 + 9*c + 342. What is b(-32)?
54
Let g(b) = -13997*b**2 + 27996*b - 5. Determine g(2).
-1
Let m(r) = -34*r + 5089. Give m(101).
1655
Let d(h) = -h**3 + 17*h**2 + 70*h - 31. Calculate d(21).
-325
Let d(s) = s**2 - 923*s + 36173. Give d(41).
11
Let s(n) = 6165*n - 6154. Give s(1).
11
Let t(c) = -11*c**2 - 9112*c + 92235. Calculate t(10).
15
Let i(z) = z**2 - 412*z + 42456. What is i(206)?
20
Let a(k) = 13*k**3 + 3*k**2 + 3*k - 961. Calculate a(0).
-961
Let u(m) = -82*m**2 + 328*m + 236. Calculate u(6).
-748
Let i(j) = 4*j**2 + 1540*j + 4590. Give i(-3).
6
Let j(d) = 19*d**3 - 293*d**2 + 76*d + 667. Determine j(15).
7
Let w(j) = -j**3 - j**2 + 4556*j - 31683. Calculate w(7).
-183
Let x(y) = -y**3 - 64*y**2 + 6304*y + 401126. Determine x(-63).
5
Let c(l) = 2*l**3 + 118*l**2 + 332*l + 18. Give c(-56).
242
Let o(u) = -5891*u + 188484. Calculate o(32).
-28
Let j(m) = -m**3 - 43*m**2 + 12*m + 760. Give j(-43).
244
Let l(i) = -19*i**2 + 396*i - 2005. What is l(12)?
11
Let s(a) = -2202*a + 5889. Give s(4).
-2919
Let a(m) = -m**3 - 55042*m - 110090. Give a(-2).
2
Let f(m) = 120*m - 4190. Calculate f(32).
-350
Let z(x) = -3*x**2 + 10116*x + 162172. Calculate z(-16).
-452
Let w(d) = -62*d**3 - 4*d**2 - 28331*d - 56658. Give w(-2).
484
Let i(g) = -4979*g - 26100. What is i(-5)?
-1205
Let w(h) = -3693*h + 1826. Determine w(2).
-5560
Let t(u) = 1677*u - 70464. Calculate t(42).
-30
Let v(n) = -n**3 - 51*n**2 + 418*n + 16536. Calculate v(-53).
0
Let r(v) = 3*v**3 + 45*v**2 - 310*v - 4660. Calculate r(-15).
-10
Let x(w) = -3*w**3 + 6*w**2 + 50*w - 296. Determine x(-11).
3873
Let c(j) = -j**3 - 34*j**2 + 94*j + 390. Give c(-36).
-402
Let m(g) = 3*g**3 + 40*g**2 - 1028*g - 14311. Calculate m(-15).
-16
Let j(d) = -7641*d + 59581. Give j(8).
-1547
Let c(i) = i**3 - 64*i**2 - 2711*i + 171. Give c(93).
-1131
Let z(l) = -14*l**2 - 10*l + 1295. What is z(9)?
71
Let j(v) = -13*v**3 - 31*v**2 - 87*v - 60. Give j(-2).
94
Let u(n) = -n**2 - 600*n + 147147. Determine u(187).
-22
Let u(i) = -2015*i**2 - 147106*i - 799. Calculate u(-73).
4
Let i(v) = -2*v**3 - 32*v**2 - 3*v + 624. Determine i(-16).
672
Let z(b) = -12*b**3 - 58*b**2 + 92*b + 395. Calculate z(-5).
-15
Let q(s) = -50*s**2 - 36453*s + 36452. Give q(1).
-51
Let l(y) = -7013*y + 3085681. Give l(440).
-39
Let g(k) = k**3 - 83*k**2 + 61*k - 19565. Calculate g(85).
70
Let r(g) = -1012*g - 6415. Calculate r(-7).
669
Let h(o) = -10858*o + 32580. Calculate h(3).
6
Let z(s) = s**3 - 21*s**2 - 274*s + 5926. What is z(19)?
-2
Let w(j) = -2*j**2 + 557*j - 32459. Give w(83).
-6
Let z(o) = -124*o**2 + 1054*o + 21. Determine z(8).
517
Let t(y) = -y**3 - 52*y**2 + 39596*y + 1947405. What is t(-49)?
-2
Let n(l) = -378*l**2 - 4136*l + 8. Give n(-11).
-234
Let d(y) = 255*y**3 + 728*y**2 + 23*y + 5. Calculate d(-3).
-397
Let h(d) = -2*d**2 - 66*d + 2318. What is h(21)?
50
Let g(f) = -4*f**3 + 49*f**2 - 58*f - 30. Determine g(11).
-63
Let y(g) = 2*g**3 + 1630*g**2 + 3242*g - 8209. Give y(-813).
-79
Let a(k) = 78*k + 3223. Calculate a(-39).
181
Let r(v) = 9*v**2 - 150*v + 673. Give r(5).
148
Let r(k) = -29180*k - 846107. What is r(-29)?
113
Let u(f) = 1175*f - 24677. Give u(21).
-2
Let h(a) = 1720*a - 18617. Calculate h(11).
303
Let t(y) = -730*y - 25010. What is t(-34)?
-190
Let c(m) = 24*m**3 + 13*m**2 - 2*m - 173. Determine c(0).
-173
Let v(t) = -168*t**2 + 1670*t + 105. What is v(10)?
5
Let v(g) = -180*g**2 - 533*g + 763. Give v(-4).
15
Let x(a) = -a**3 + 45*a**2 - 258*a - 23. What is x(39)?
-959
Let m(w) = 549759*w + 2199037. Give m(-4).
1
Let x(z) = -19975*z - 360338. Calculate x(-18).
-788
Let c(x) = -39*x**2 - 2530*x + 247. Calculate c(-65).
-78
Let t(v) = -v**3 + 6*v**2 + 2684*v - 26360. Give t(10).
80
Let o(r) = -5*r**2 - 1169*r + 13973. Calculate o(11).
509
Let l(b) = b**3 + 100*b**2 - 173*b - 7254. Give l(-101).
18
Let r(p) = -12*p**2 - 962*p - 2464. What is r(-78)?
-436
Let c(g) = -g**3 + 22*g**2 - 107*g + 7. What is c(6)?
-59
Let o(d) = -d**2 + 507*d - 16514. Determine o(35).
6
Let v(n) = n**3 - 5*n**2 - 36524*n + 219108. Calculate v(6).
0
Let s(r) = -r**3 + 194*r**2 - 760*r + 549. What is s(190)?
549
Let x(h) = 138*h**3 + 3*h**2 - 51*h + 150. Give x(3).
3750
Let g(j) = 28453*j + 227570. Determine g(-8).
-54
Let b(g) = g**3 + 16*g**2 - 5033*g - 85266. Determine b(-17).
6
Let n(p) = 1891052*p - 7564214. Calculate n(4).
-6
Let y(t) = -t**2 - 169*t - 3958. Calculate y(-28).
-10
Let r(i) = -391927*i - 1175787. Give r(-3).
-6
Let p(c) = c**2 - 1561*c + 183424. Give p(128).
0
Let m(y) = -3*y**3 + 200*y**2 + 368*y + 7917. Determine m(69).
-18
Let m(z) = -63*z**2 + 18895*z + 1502. Give m(300).
2
Let a(h) = -104*h - 8640. Calculate a(-84).
96
Let z(y) = y**2 - 976*y - 78953. What is z(-75)?
-128
Let r(i) = -i**2 - 15093*i - 210842. What is r(-14)?
264
Let o(i) = 1214*i - 21472. What is o(18)?
380
Let m(c) = 1534*c**2 - 93630*c + 3439. Give m(61).
23
Let x(z) = 3*z**3 - 1253*z**2 + 2071*z + 3725. Calculate x(416).
-19
Let x(h) = -63*h**2 - 480*h - 1462. Determine x(-3).
-589
Let h(v) = 62*v**2 + 428*v + 413. What is h(-6)?
77
Let x(u) = u**2 - 1313*u + 983. Determine x(0).
983
Let c(h) = -2*h**3 + 19*h**2 + 223*h - 247. Determine c(16).
-7
Let p(k) = k**3 + 15*k**2 - 923*k + 143. What is p(-39)?
-364
Let n(i) = -i**2 - 2180*i - 725717. Determine n(-410).
-17
Let g(s) = 2364*s + 73274. Give g(-31).
-10
Let i(c) = -70622*c - 4166691. Determine i(-59).
7
Let a(r) = 1023*r - 31707. What is a(31)?
6
Let a(c) = 5*c**2 - 1040*c + 52141. What is a(123)?
-134
Let c(q) = -3*q**3 - 41*q**2 + 25*q + 20. What is c(1)?
1
Let v(z) = 32*z - 1628. What is v(11)?
-1276
Let t(i) = -i**3 + 183*i**2 - 425*i + 11424. What is t(181)?
21
Let h(i) = 32190*i + 578927. Determine h(-18).
-493
Let h(f) = 10*f**2 + 126*f - 403. Determine h(3).
65
Let q(k) = -k**2 + 2239*k - 28922. Calculate q(13).
16
Let c(t) = 2*t**3 + 887*t**2 + 421*t - 9798. What is c(-443)?
-52
Let n(l) = 51*l**2 + 9028*l + 242. Calculate n(-177).
